{"id":2,"date":"2024-02-07T10:33:26","date_gmt":"2024-02-07T09:33:26","guid":{"rendered":"http:\/\/enyonam.org\/?page_id=2"},"modified":"2025-11-07T10:16:47","modified_gmt":"2025-11-07T09:16:47","slug":"page-d-exemple","status":"publish","type":"page","link":"https:\/\/enyonam.org\/index.php\/page-d-exemple\/","title":{"rendered":"A propos de nous"},"content":{"rendered":"\n<p>L&rsquo;Association ENYONAM s&rsquo;engage \u00e0 cr\u00e9er un avenir meilleur pour les enfants de rue en offrant un soutien holistique, des opportunit\u00e9s d&rsquo;\u00e9ducation ou encore des m\u00e9tiers relevant du secteur d&rsquo;artisanat. Notre mission est ancr\u00e9e dans les objectifs de d\u00e9veloppement durable des Nations Unies, en particulier <a href=\"https:\/\/enyonam.org\/index.php\/donner-un-avenir-aux-jeunes-togolais\/\" title=\"Donner un avenir aux jeunes togolais\">l&rsquo;\u00e9radication de la pauvret\u00e9<\/a> et la promotion de <a href=\"https:\/\/enyonam.org\/index.php\/objectif-2\/\" title=\"Une scolarit\u00e9 pour pouvoir s\u2019en sortir\">l&rsquo;\u00e9ducation de qualit\u00e9<\/a>.<\/p>\n\n\n\n<p>Nous sommes d\u00e9termin\u00e9s \u00e0 fournir aux enfants de rue un environnement s\u00fbr, des ressources \u00e9ducatives et un logement stable pour les aider \u00e0 briser le cycle de la pauvret\u00e9 et \u00e0 r\u00e9aliser leur plein potentiel \u00e0 travers la construction d&rsquo;un centre d&rsquo;aide aux enfants d\u00e9favoris\u00e9s (CAED) \u00e0 KOVIE (Village situ\u00e9 \u00e0 une trentaine de kilom\u00e8tres de la capitale du TOGO). Notre approche inclusive vise \u00e0 garantir que chaque enfant ait acc\u00e8s \u00e0 une \u00e9ducation \u00e9quitable, quelle que soit sa situation socio-\u00e9conomique.<\/p>\n\n\n\n<p>En collaborant avec des partenaires du secteur priv\u00e9 et des organismes philanthropiques, nous cherchons \u00e0 renforcer notre impact et \u00e0 \u00e9tendre nos programmes. Votre soutien financier ou mat\u00e9riel contribuera directement \u00e0 la r\u00e9alisation de notre mission en fournissant des fonds pour des programmes \u00e9ducatifs, des installations d&rsquo;accueil, des services de soutien essentiels, des mat\u00e9riels d&rsquo;apprentissage aux diff\u00e9rents m\u00e9tiers disponibles dans notre centre, une infirmerie pour les soins de sant\u00e9 et une cantine.<\/p>\n\n\n\n<p>Ensemble, nous pouvons faire une diff\u00e9rence significative dans la vie de ces enfants vuln\u00e9rables et cr\u00e9er un avenir o\u00f9 chacun a la chance de prosp\u00e9rer. Rejoignez-nous dans notre engagement \u00e0 construire un monde plus juste et \u00e9quitable pour tous.<\/p>\n\n\n\n<figure class=\"wp-block-image size-large\"><img fetchpriority=\"high\" decoding=\"async\" width=\"1024\" height=\"1024\" src=\"http:\/\/enyonam.org\/wp-content\/uploads\/2025\/10\/1000037287-1024x1024.jpg\" alt=\"\" class=\"wp-image-242\" srcset=\"https:\/\/enyonam.org\/wp-content\/uploads\/2025\/10\/1000037287-1024x1024.jpg 1024w, https:\/\/enyonam.org\/wp-content\/uploads\/2025\/10\/1000037287-300x300.jpg 300w, https:\/\/enyonam.org\/wp-content\/uploads\/2025\/10\/1000037287-150x150.jpg 150w, https:\/\/enyonam.org\/wp-content\/uploads\/2025\/10\/1000037287-768x768.jpg 768w, https:\/\/enyonam.org\/wp-content\/uploads\/2025\/10\/1000037287.jpg 1080w\" sizes=\"(max-width: 1024px) 100vw, 1024px\" \/><\/figure>\n\n\n\n<p><strong>Quelques mots sur le TOGO:<\/strong><\/p>\n\n\n\n<p>Pays d&rsquo;Afrique de l&rsquo;Ouest<\/p>\n\n\n\n<p>Superficie 56785 km\u00b2 (10 fois plus petit que la France)<\/p>\n\n\n\n<p>8,279 Millions d&rsquo;habitants<\/p>\n\n\n\n<p>Capitale: Lom\u00e9<\/p>\n\n\n\n<p>Taux de pauvret\u00e9 : +50%<\/p>\n\n\n\n<p>Le Togo comptait en 2020 pr\u00e8s de 7000 enfants des rues dont 3000 dans la capitale \u00e0 Lom\u00e9. Aujourd&rsquo;hui ce chiffre aurait consid\u00e9rablement augment\u00e9 depuis la crise sanitaire.<\/p>\n\n\n\n<p>(ces chiffres sont donn\u00e9s par Mme A\u00efssata BA SIDIBE , repr\u00e9sentante de l&rsquo;UNICEF)<\/p>\n","protected":false},"excerpt":{"rendered":"<p>L&rsquo;Association ENYONAM s&rsquo;engage \u00e0 cr\u00e9er un avenir meilleur pour les enfants de rue en offrant un soutien holistique, des opportunit\u00e9s&hellip;<\/p>\n","protected":false},"author":1,"featured_media":53,"parent":0,"menu_order":0,"comment_status":"closed","ping_status":"closed","template":"","meta":{"give_campaign_id":0,"_monsterinsights_skip_tracking":false,"_monsterinsights_sitenote_active":false,"_monsterinsights_sitenote_note":"","_monsterinsights_sitenote_category":0,"footnotes":""},"class_list":["post-2","page","type-page","status-publish","has-post-thumbnail","hentry"],"aioseo_notices":[],"campaignId":"","_links":{"self":[{"href":"https:\/\/enyonam.org\/index.php\/wp-json\/wp\/v2\/pages\/2","targetHints":{"allow":["GET"]}}],"collection":[{"href":"https:\/\/enyonam.org\/index.php\/wp-json\/wp\/v2\/pages"}],"about":[{"href":"https:\/\/enyonam.org\/index.php\/wp-json\/wp\/v2\/types\/page"}],"author":[{"embeddable":true,"href":"https:\/\/enyonam.org\/index.php\/wp-json\/wp\/v2\/users\/1"}],"replies":[{"embeddable":true,"href":"https:\/\/enyonam.org\/index.php\/wp-json\/wp\/v2\/comments?post=2"}],"version-history":[{"count":7,"href":"https:\/\/enyonam.org\/index.php\/wp-json\/wp\/v2\/pages\/2\/revisions"}],"predecessor-version":[{"id":245,"href":"https:\/\/enyonam.org\/index.php\/wp-json\/wp\/v2\/pages\/2\/revisions\/245"}],"wp:featuredmedia":[{"embeddable":true,"href":"https:\/\/enyonam.org\/index.php\/wp-json\/wp\/v2\/media\/53"}],"wp:attachment":[{"href":"https:\/\/enyonam.org\/index.php\/wp-json\/wp\/v2\/media?parent=2"}],"curies":[{"name":"wp","href":"https:\/\/api.w.org\/{rel}","templated":true}]}}