{"id":23,"date":"2024-02-26T11:58:40","date_gmt":"2024-02-26T10:58:40","guid":{"rendered":"https:\/\/enyonam.org\/?page_id=23"},"modified":"2024-03-10T10:01:55","modified_gmt":"2024-03-10T09:01:55","slug":"donner-un-avenir-aux-jeunes-togolais","status":"publish","type":"page","link":"https:\/\/enyonam.org\/index.php\/donner-un-avenir-aux-jeunes-togolais\/","title":{"rendered":"Donner un avenir aux jeunes togolais"},"content":{"rendered":"\n<p><strong>Briser le cycle de la pauvret\u00e9 et donner aux jeunes togolais les outils dont ils ont besoin pour r\u00e9ussir<\/strong><\/p>\n\n\n\n<p><strong>Lutter contre la pauvret\u00e9<\/strong><\/p>\n\n\n\n<p>Le Togo abrite environ 8<a href=\"https:\/\/donnees.banquemondiale.org\/pays\/togo?view=chart\">,<\/a>5 millions d\u2019habitants. Le niveau de pauvret\u00e9 est deux fois plus \u00e9lev\u00e9 en milieu rural (58,8%) qu\u2019en milieu urbain (26,5%)<\/p>\n\n\n\n<p><strong>Notre association s&rsquo;engage \u00e0 briser le cycle de la pauvret\u00e9 en offrant aux jeunes togolais des programmes d&rsquo;\u00e9ducation, de formation professionnelle et d&rsquo;entrepreneuriat.<\/strong><\/p>\n\n\n\n<p><strong>Programmes d&rsquo;\u00e9ducation et de formation professionnelle<\/strong><\/p>\n\n\n\n<ul class=\"wp-block-list\">\n<li>Education de base<\/li>\n\n\n\n<li>Formation aux m\u00e9tiers manuels et techniques<\/li>\n<\/ul>\n\n\n\n<p><strong>Soutien \u00e0 la recherche d&#8217;emploi<\/strong><\/p>\n\n\n\n<ul class=\"wp-block-list\">\n<li>Mise en relation avec des employeurs<\/li>\n\n\n\n<li>Pr\u00e9paration au monde du travail<\/li>\n\n\n\n<li>Pr\u00e9paration aux entretiens d&#8217;embauche<\/li>\n<\/ul>\n\n\n\n<p><strong>Donner aux jeunes les outils dont ils ont besoin pour r\u00e9ussir<\/strong><\/p>\n\n\n\n<p><strong>D\u00e9veloppement des comp\u00e9tences entrepreneuriales<\/strong><\/p>\n\n\n\n<ul class=\"wp-block-list\">\n<li>Acc\u00e8s \u00e0 des financements<\/li>\n\n\n\n<li>Accompagnement et mentorat<\/li>\n<\/ul>\n\n\n\n<p><strong>Encouragement \u00e0 l&rsquo;engagement citoyen<\/strong><\/p>\n\n\n\n<ul class=\"wp-block-list\">\n<li>Sensibilisation aux questions de soci\u00e9t\u00e9<\/li>\n\n\n\n<li>Participation \u00e0 des actions de volontariat<\/li>\n<\/ul>\n","protected":false},"excerpt":{"rendered":"<p>Briser le cycle de la pauvret\u00e9 et donner aux jeunes togolais les outils dont ils ont besoin pour r\u00e9ussir Lutter&hellip;<\/p>\n","protected":false},"author":1,"featured_media":86,"parent":0,"menu_order":0,"comment_status":"closed","ping_status":"closed","template":"","meta":{"give_campaign_id":0,"_monsterinsights_skip_tracking":false,"_monsterinsights_sitenote_active":false,"_monsterinsights_sitenote_note":"","_monsterinsights_sitenote_category":0,"footnotes":""},"class_list":["post-23","page","type-page","status-publish","has-post-thumbnail","hentry"],"aioseo_notices":[],"campaignId":"","_links":{"self":[{"href":"https:\/\/enyonam.org\/index.php\/wp-json\/wp\/v2\/pages\/23","targetHints":{"allow":["GET"]}}],"collection":[{"href":"https:\/\/enyonam.org\/index.php\/wp-json\/wp\/v2\/pages"}],"about":[{"href":"https:\/\/enyonam.org\/index.php\/wp-json\/wp\/v2\/types\/page"}],"author":[{"embeddable":true,"href":"https:\/\/enyonam.org\/index.php\/wp-json\/wp\/v2\/users\/1"}],"replies":[{"embeddable":true,"href":"https:\/\/enyonam.org\/index.php\/wp-json\/wp\/v2\/comments?post=23"}],"version-history":[{"count":3,"href":"https:\/\/enyonam.org\/index.php\/wp-json\/wp\/v2\/pages\/23\/revisions"}],"predecessor-version":[{"id":76,"href":"https:\/\/enyonam.org\/index.php\/wp-json\/wp\/v2\/pages\/23\/revisions\/76"}],"wp:featuredmedia":[{"embeddable":true,"href":"https:\/\/enyonam.org\/index.php\/wp-json\/wp\/v2\/media\/86"}],"wp:attachment":[{"href":"https:\/\/enyonam.org\/index.php\/wp-json\/wp\/v2\/media?parent=23"}],"curies":[{"name":"wp","href":"https:\/\/api.w.org\/{rel}","templated":true}]}}