{"id":25,"date":"2024-02-26T11:59:47","date_gmt":"2024-02-26T10:59:47","guid":{"rendered":"https:\/\/enyonam.org\/?page_id=25"},"modified":"2024-03-10T10:07:50","modified_gmt":"2024-03-10T09:07:50","slug":"objectif-2","status":"publish","type":"page","link":"https:\/\/enyonam.org\/index.php\/objectif-2\/","title":{"rendered":"Une scolarit\u00e9 pour pouvoir s\u2019en sortir"},"content":{"rendered":"\n<p><strong>Garantir l&rsquo;acc\u00e8s \u00e0 l&rsquo;\u00e9ducation pour tous<\/strong><\/p>\n\n\n\n<p><strong>L&rsquo;\u00e9ducation est la cl\u00e9 du d\u00e9veloppement personnel et de l&rsquo;\u00e9mancipation sociale.<\/strong> <strong>Notre association s&rsquo;engage \u00e0 garantir l&rsquo;acc\u00e8s \u00e0 une \u00e9ducation de qualit\u00e9 pour tous les enfants togolais, en particulier les enfants issus de milieux d\u00e9favoris\u00e9s.<\/strong><\/p>\n\n\n\n<p><strong>Construction d&rsquo;\u00e9coles et de centres d&rsquo;\u00e9ducation<\/strong><\/p>\n\n\n\n<ul class=\"wp-block-list\">\n<li>R\u00e9duction des distances parcourues par les \u00e9l\u00e8ves<\/li>\n\n\n\n<li>Am\u00e9lioration des conditions d&rsquo;apprentissage<\/li>\n<\/ul>\n\n\n\n<p><strong>Formation des enseignants<\/strong><\/p>\n\n\n\n<ul class=\"wp-block-list\">\n<li>Renforcement des comp\u00e9tences p\u00e9dagogiques<\/li>\n\n\n\n<li>Mise \u00e0 jour des connaissances<\/li>\n<\/ul>\n\n\n\n<p><strong>Distribution de fournitures scolaires<\/strong><\/p>\n\n\n\n<ul class=\"wp-block-list\">\n<li>Aide aux familles les plus d\u00e9munies<\/li>\n\n\n\n<li>Favoriser l&rsquo;\u00e9galit\u00e9 des chances<\/li>\n<\/ul>\n\n\n\n<p><strong>Lutter contre le d\u00e9crochage scolaire<\/strong><\/p>\n\n\n\n<p><strong>Mise en place de programmes de soutien scolaire<\/strong><\/p>\n\n\n\n<ul class=\"wp-block-list\">\n<li>Aide aux devoirs<\/li>\n\n\n\n<li>Cours de rattrapage<\/li>\n<\/ul>\n\n\n\n<p><strong>Sensibilisation \u00e0 l&rsquo;importance de l&rsquo;\u00e9ducation<\/strong><\/p>\n\n\n\n<ul class=\"wp-block-list\">\n<li>Information des parents et des \u00e9l\u00e8ves<\/li>\n\n\n\n<li>Promotion de la culture scolaire<\/li>\n<\/ul>\n\n\n\n<p><strong>Lutte contre les discriminations<\/strong><\/p>\n\n\n\n<ul class=\"wp-block-list\">\n<li>Sensibilisation aux questions d&rsquo;\u00e9galit\u00e9<\/li>\n\n\n\n<li>Partage du vivre-ensemble<\/li>\n<\/ul>\n","protected":false},"excerpt":{"rendered":"<p>Garantir l&rsquo;acc\u00e8s \u00e0 l&rsquo;\u00e9ducation pour tous L&rsquo;\u00e9ducation est la cl\u00e9 du d\u00e9veloppement personnel et de l&rsquo;\u00e9mancipation sociale. Notre association s&rsquo;engage&hellip;<\/p>\n","protected":false},"author":1,"featured_media":84,"parent":0,"menu_order":0,"comment_status":"closed","ping_status":"closed","template":"","meta":{"give_campaign_id":0,"_monsterinsights_skip_tracking":false,"_monsterinsights_sitenote_active":false,"_monsterinsights_sitenote_note":"","_monsterinsights_sitenote_category":0,"footnotes":""},"class_list":["post-25","page","type-page","status-publish","has-post-thumbnail","hentry"],"aioseo_notices":[],"campaignId":"","_links":{"self":[{"href":"https:\/\/enyonam.org\/index.php\/wp-json\/wp\/v2\/pages\/25","targetHints":{"allow":["GET"]}}],"collection":[{"href":"https:\/\/enyonam.org\/index.php\/wp-json\/wp\/v2\/pages"}],"about":[{"href":"https:\/\/enyonam.org\/index.php\/wp-json\/wp\/v2\/types\/page"}],"author":[{"embeddable":true,"href":"https:\/\/enyonam.org\/index.php\/wp-json\/wp\/v2\/users\/1"}],"replies":[{"embeddable":true,"href":"https:\/\/enyonam.org\/index.php\/wp-json\/wp\/v2\/comments?post=25"}],"version-history":[{"count":3,"href":"https:\/\/enyonam.org\/index.php\/wp-json\/wp\/v2\/pages\/25\/revisions"}],"predecessor-version":[{"id":91,"href":"https:\/\/enyonam.org\/index.php\/wp-json\/wp\/v2\/pages\/25\/revisions\/91"}],"wp:featuredmedia":[{"embeddable":true,"href":"https:\/\/enyonam.org\/index.php\/wp-json\/wp\/v2\/media\/84"}],"wp:attachment":[{"href":"https:\/\/enyonam.org\/index.php\/wp-json\/wp\/v2\/media?parent=25"}],"curies":[{"name":"wp","href":"https:\/\/api.w.org\/{rel}","templated":true}]}}

Une scolarité pour pouvoir s’en sortir

<p><strong>Garantir l&rsquo;accès à l&rsquo;éducation pour tous</strong></p>



<p><strong>L&rsquo;éducation est la clé du développement personnel et de l&rsquo;émancipation sociale.</strong> <strong>Notre association s&rsquo;engage à garantir l&rsquo;accès à une éducation de qualité pour tous les enfants togolais, en particulier les enfants issus de milieux défavorisés.</strong></p>



<p><strong>Construction d&rsquo;écoles et de centres d&rsquo;éducation</strong></p>



<ul class="wp-block-list">
<li>Réduction des distances parcourues par les élèves</li>



<li>Amélioration des conditions d&rsquo;apprentissage</li>
</ul>



<p><strong>Formation des enseignants</strong></p>



<ul class="wp-block-list">
<li>Renforcement des compétences pédagogiques</li>



<li>Mise à jour des connaissances</li>
</ul>



<p><strong>Distribution de fournitures scolaires</strong></p>



<ul class="wp-block-list">
<li>Aide aux familles les plus démunies</li>



<li>Favoriser l&rsquo;égalité des chances</li>
</ul>



<p><strong>Lutter contre le décrochage scolaire</strong></p>



<p><strong>Mise en place de programmes de soutien scolaire</strong></p>



<ul class="wp-block-list">
<li>Aide aux devoirs</li>



<li>Cours de rattrapage</li>
</ul>



<p><strong>Sensibilisation à l&rsquo;importance de l&rsquo;éducation</strong></p>



<ul class="wp-block-list">
<li>Information des parents et des élèves</li>



<li>Promotion de la culture scolaire</li>
</ul>



<p><strong>Lutte contre les discriminations</strong></p>



<ul class="wp-block-list">
<li>Sensibilisation aux questions d&rsquo;égalité</li>



<li>Partage du vivre-ensemble</li>
</ul>

<p>Garantir l&rsquo;accès à l&rsquo;éducation pour tous L&rsquo;éducation est la clé du développement personnel et de l&rsquo;émancipation sociale. Notre association s&rsquo;engage&hellip;</p>
